a) = 3*a + 6. Let x(y) = -y - 1. Let w(u) = q(u) + 2*x(u). Determine w(f).
-7
Suppose 10*t + 5894 = 5884. Let w(f) = -4*f**3 + 2*f + 1. Determine w(t).
3
Suppose 0 = -8*p + 14*p - 24. Suppose p*h - 198 = -222. Let q(w) = -4*w - 15. Let a(r) = 1. Let u(k) = 6*a(k) + q(k). Determine u(h).
15
Let y(u) = -2*u**3 + 9*u**2 - u - 20. Suppose -16*c = 162 - 226. What is y(c)?
-8
Let r(i) be the second derivative of -i**7/2520 + i**6/120 + i**5/40 - i**4/6 + 17*i**2/2 - 12*i. Let a(f) be the third derivative of r(f). Determine a(6).
3
Let g(x) = 40 - 5 + 10*x + 2*x + 0. Calculate g(-4).
-13
Let h = -28 + 23. Let r(q) = q - 17. Let b be r(h). Let j = -20 - b. Let d(o) = -o**3 + 4*o**2 - 2*o + 3. Calculate d(j).
7
Suppose -3*v - t = -21, 3*v = 4*t - 0*t + 36. Let s be -8*4/v*(0 + -2). Suppose -s = -4*w - 36. Let m(o) = -o**2 - 8*o + 1. Give m(w).
8
Let c(y) = -3*y**2 + 4. Let b be c(2). Let x(l) = -22*l**2 - 19*l + 36. Let z(m) = 3*m**2 + 3*m - 5. Let n(j) = 2*x(j) + 15*z(j). Calculate n(b).
5
Let k = 218 + -216. Let m(g) = 6 + g**k - 11*g - 1 + 8*g - 11 + 4. What is m(4)?
2
Let w(n) = -165*n - 99. Let i(z) = -39*z - 25. Let p(q) = -9*i(q) + 2*w(q). What is p(-1)?
6
Let x(y) be the first derivative of y**4/8 + 2*y**3 + 10*y**2 + 28. Let o(j) be the second derivative of x(j). Determine o(-5).
-3
Let d be (-3 + 1)*((-12)/6)/1. Let k(n) = n**3 - 5*n**2 + n - 5. Let j be k(5). Suppose j = -f + 2*f + d. Let v(y) = -y**2 - 3*y - 2. Give v(f).
-6
Suppose 0 = z + 2*x + 3, -4*x - 12 - 8 = 4*z. Let r be (-203)/z - (-2 + 3). Let v = -25 + r. Let w(l) = -l**2 + l + 2. Determine w(v).
-4
Suppose -23*j = -22*j. Let a(b) = -15 - b**2 + j*b - b**2 - 4*b + 12 - b**3. Let q be 7/35 + 22/(-10). What is a(q)?
5
Let i(o) = 240 - 286 + 173 - 59*o. Calculate i(2).
9
Suppose -11*b + 43 = -67. Let m(q) be the second derivative of q**4/12 - 7*q**3/6 - 14*q**2 + 59*q. Calculate m(b).
2
Let c(m) be the second derivative of 2*m + 0*m**3 - 3*m**2 + 11/60*m**5 + 1/24*m**4 + 0. Let k(a) be the first derivative of c(a). What is k(-1)?
10
Let d(a) = -4*a + 1. Let n(s) = 2*s + 1. Let t(u) = -d(u) + 2*n(u). Determine t(0).
1
Let d(n) = n**3 + 11*n**2 - 31*n - 57. Let c = 10775 + -10788. Calculate d(c).
8
Let m(v) = 0*v - 5*v**2 + 2*v**3 - 3*v - v**3 + 4. Let x be ((-18)/(-8))/((375/(-40))/(-25)). What is m(x)?
22
Let z(n) = -n + 11. Let b be ((-7)/14)/((-5)/310). Let s = 5 + -3. Suppose s*o + 11 - b = 0. Calculate z(o).
1
Let i(c) = c**3 + 35*c**2 + 37*c + 101. Let j be i(-34). Let h(x) = 4*x**2 + 2. Give h(j).
6
Let q(h) be the third derivative of h**5/60 + h**4/2 - 7*h**3/6 + 60*h**2 + h. Let t = -24 - -11. Give q(t).
6
Let f(n) = 17*n + 1. Let s(b) = 77*b + 130. Let a(q) = -5*f(q) + s(q). What is a(16)?
-3
Let w(c) be the third derivative of c**5/60 - c**4/4 - 11*c**3/2 - 74*c**2. Give w(-4).
7
Let k(c) be the second derivative of 26*c + 5/2*c**2 - 1/12*c**4 - 5/6*c**3 + 0. Let w = -1 + -5. Calculate k(w).
-1
Let n(v) = -v**3 + v**2 - v + 3. Let z be 10/(-5)*-6 - -1. Suppose 2 = 2*p, 3*p - z = -5*m - 0*p. Calculate n(m).
-3
Suppose -9*t - 1 = -37. Suppose -4*x + 57 = 4*g - 3, 2*g + t*x - 40 = 0. Let v(y) = -y**3 + 10*y**2 + 7. Calculate v(g).
7
Let v(c) = -3*c**2 - 2*c - 1. Let t be -4 + (-3)/(-9)*0. Let z = 32 + t. Let f = z - 30. Give v(f).
-9
Let m(z) be the third derivative of z**6/120 - 7*z**5/60 - z**4/4 - 11*z**3/6 - 9*z**2. Let c be 2*(-1)/2*(1 - 3). Suppose -c*f + 16 = -0*f. Give m(f).
5
Suppose 28*j - 111 = -27. Let l(v) = 4 + 35*v**2 + 50*v**2 - 106*v**2 + 35*v**2 - 4*v**j + 3*v**3. What is l(14)?
4
Let v(a) be the third derivative of -a**5/60 + a**4/8 - a**3/3 + a**2. Let s be 5 - (-12)/6 - -63. Let m be 182/s - 2/(-5). Give v(m).
-2
Let d(j) = -38*j - 44. Let s be (-70)/105*(-2 + (-28)/(-8)). Calculate d(s).
-6
Let s(w) = -223*w - 30. Let q(r) = 938*r + 119. Let n(o) = -5*q(o) - 21*s(o). Give n(5).
0
Suppose 0 = -2*a - 2*a + 28. Let f(s) = -a + 0 + s + 7 - 11*s**2. Let v = -11 - -12. Give f(v).
-10
Let z be (-1)/(-6)*3*4. Let c(u) = -2*u**2 + 3*u - 1. Let f be 8/(-12)*4/((-32)/12). Let a(j) = -j**2 - j + 1. Let n(t) = f*a(t) + c(t). Give n(z).
-8
Let u(k) = -3*k**2 - 3*k - 5*k**2 + 7*k + 5 + 7*k**3 - 4. Let d(x) = -3*x**3 + 3*x**2 - 2*x. Let l(y) = 5*d(y) + 2*u(y). What is l(0)?
2
Suppose 39*f - 26*f - 13 = 0. Let u(p) = 3*p. Let s(r) = -51*r. Let c(q) = s(q) + 18*u(q). What is c(f)?
3
Suppose 0 = 2*k + 376 - 22. Let n = -177 - k. Let w(u) = u**3 + u**2 + u + 6. What is w(n)?
6
Suppose 5*l - l - 18 = -2*y, -5*y = 4*l - 15. Let p be -1*(-3)/1 + y/(-1). Suppose 2*f = p + 2. Let z(t) = t**3 - 3*t**2 + t - 4. Give z(f).
-1
Let m(o) = o**3 + 2*o**2 - 8*o + 8. Let w be 29/(-145) - (2 - (-155)/(-25)). What is m(w)?
72
Let k(i) = i. Let t(p) = 18. Let y(h) = 10*k(h) - 2*t(h). Give y(5).
14
Let g(q) = -q - 37. Let k be 7 + -50 + (3 - -11). Calculate g(k).
-8
Let k = -10364 - -10370. Let w(a) = -4*a + 3. Let t(n) = 5*n - 4. Let h(m) = -3*t(m) - 4*w(m). Determine h(k).
6
Let f(n) = -2 + 4*n + 7*n - 2*n. Let o be (24/(-68))/(363/2057). Determine f(o).
-20
Let c(l) = 6*l + 2. Let o(x) = x**3 + 16*x**2 - 40*x - 75. Let y be -9*((-4)/22)/(1/(-11)). Let n be o(y). Calculate c(n).
-16
Let d = 16777 + -16777. Let b(c) = c**3 + c**2 - 7*c - 43. Determine b(d).
-43
Let l = -4207 - -4201. Let h(g) be the first derivative of -g**3/3 - 3*g**2 + g - 2. Calculate h(l).
1
Suppose -48*s - 29 - 10 = 57. Let z(b) = b**2 - 28*b - 53. Give z(s).
7
Let z(t) = 3*t**2 - 45*t - 10. Let h be z(16). Let o(g) = -15 + 34*g + 19 - h*g. What is o(4)?
-12
Let k be 416/65 - 2/5. Let i(u) = u. Let w be i(k). Let x(z) = -2*z + 10. Determine x(w).
-2
Suppose -7*z - 18 + 4 = 0. Let t(x) = x**2 - 4*x - 3. Let o be t(5). Let v(r) = -r + 3*r**3 + 2*r**2 + r**2 - 3*r**o + 2*r**2. Give v(z).
-14
Suppose 0 = -159*j + 380 - 1334. Let q(y) = y**3 + 6*y**2 - 10. Calculate q(j).
-10
Let y(a) = 580*a - 1159*a + 559*a + 15*a**2 + a**3 - 81. Give y(-16).
-17
Let x(d) = 2*d**2 + 100*d - 97. Let b(h) = 8*h**2 + 402*h - 386. Let f(g) = 2*b(g) - 9*x(g). Determine f(-49).
3
Let q(z) = 20 - 1 - 2*z + 5*z + 0*z. Let p = -40980 + 40972. Determine q(p).
-5
Let q(z) be the third derivative of -z**6/120 + z**5/15 + z**4/8 - z**3 + 1637*z**2. Give q(5).
-16
Let j(q) = -10*q - 45. Let n be j(-5). Let d(l) = -4*l**3 + 9*l**2 - 5*l + 1. Let p(a) = -5*a**3 + 10*a**2 - 5*a + 2. Let v(y) = -4*d(y) + 3*p(y). What is v(n)?
2
Let t(l) be the second derivative of 2*l**3/3 + 41*l**2/2 - l + 1747. Calculate t(-9).
5
Let p(y) = -28*y + 11 - 31*y + 89*y - 27*y. What is p(-5)?
-4
Let v(t) = t**3 - 35*t + 27*t - 30*t - 16 + 37*t**2. Calculate v(-38).
-16
Let z(i) = -i + 2. Let l(r) = -r**3 - 2*r**2 - 2*r - 1. Let d be l(-2). Let j = 109 + -94. Suppose d*x - 2*m = -42 + j, m = 4*x + 31. Calculate z(x).
9
Suppose 2*z + 2*z = 4*y + 816, -600 = 3*y + 3*z. Let w = y + 203. Let m(c) = 4*c. What is m(w)?
4
Let x(f) = -f**3 + 10*f**2 - f + 4. Let n = -4059 + 4069. Determine x(n).
-6
Let f = -20498 + 20493. Let n(w) = 9*w + 71. Give n(f).
26
Let t(m) = -27*m**3 - 8*m**2 + 4 - 8*m + 10*m**3 + 11*m**3 + 5*m**3. Determine t(-6).
-20
Suppose -7*o + 6 = -9*o. Let k(y) be the second derivative of y**5/20 + y**4/4 + y**3/6 + y**2/2 - 2234*y. Determine k(o).
-2
Let n(g) = 253*g + 757. Let j = -13114 - -13111. Calculate n(j).
-2
Let h(t) be the first derivative of 25 - 1/3*t**3 - 1/2*t**2 - 10*t. Give h(0).
-10
Suppose -52*y = -26*y + 49*y. Let p(n) = n**2 - 14*n - 15. Calculate p(y).
-15
Let g = -213 - -230. Let l be 87/g - 1/(-34)*-4. Let a(c) = c**3 - 6*c**2 + 3*c + 1. Calculate a(l).
-9
Suppose -10 = -b + 4*b - 2*z, 4*b - 2*z = -10. Let n(j) = -7*j - 51. Give n(b).
-51
Let h(c) = 6*c - 229. Let f(u) = 10*u - 392. Let v(d) = 4*f(d) - 7*h(d). Calculate v(22).
-9
Let x(g) be the first derivative of -11*g**6/60 - g**5/60 + g**4/24 + g**3/6 - 18*g**2 + g - 98. Let j(p) be the second derivative of x(p). Calculate j(-1).
21
Let j(b) be the second derivative of -b**4/3 + 7*b**3 - 11*b**2 + 1544*b. What is j(10)?
-2
Let j(g) = g**2 + 16*g - 9. Let u be j(-17). Let p(l) = -6*l - u + l + 0*l**2 + l**2 + 0*l**2. Let q = 1 - -5. What is p(q)?
-2
Let l(u) = -4*u - 11. Let f(z) = 2*z + 5. Let a be (-10 - -1)/(1/(-1)). Let w(d) = a*f(d) + 4*l(d). Let q = 359 + -358. Give w(q).
3
Let y(